{"id":12,"date":"2024-12-09T21:42:00","date_gmt":"2024-12-09T21:42:00","guid":{"rendered":"http:\/\/localhost\/wordpress\/?page_id=12"},"modified":"2025-01-06T06:56:04","modified_gmt":"2025-01-06T06:56:04","slug":"testando-simulador","status":"publish","type":"page","link":"https:\/\/mj.co.mz\/?page_id=12","title":{"rendered":"Simulador de Cr\u00e9dito"},"content":{"rendered":"\n<div class=\"wp-block-group has-theme-2-color has-text-color has-link-color wp-elements-05ce89b459e851a28ba8da6308accbe5 is-layout-constrained wp-block-group-is-layout-constrained\">\n<div class=\"forminator-guttenberg\"><div class=\"forminator-ui forminator-custom-form forminator-custom-form-11 forminator-design--flat  forminator_ajax\" data-forminator-render=\"0\" data-form=\"forminator-module-11\" data-uid=\"69f14dcc8ae8d\"><br\/><\/div><form\n\t\t\t\tid=\"forminator-module-11\"\n\t\t\t\tclass=\"forminator-ui forminator-custom-form forminator-custom-form-11 forminator-design--flat  forminator_ajax\"\n\t\t\t\tmethod=\"post\"\n\t\t\t\tdata-forminator-render=\"0\"\n\t\t\t\tdata-form-id=\"11\"\n\t\t\t\t data-color-option=\"theme\" data-design=\"flat\" data-grid=\"open\" style=\"display: none;\"\n\t\t\t\tdata-uid=\"69f14dcc8ae8d\"\n\t\t\t><div role=\"alert\" aria-live=\"polite\" class=\"forminator-response-message forminator-error\" aria-hidden=\"true\"><\/div><div class=\"forminator-row\"><div id=\"name-1\" class=\"forminator-field-name forminator-col forminator-col-4 \"><div class=\"forminator-field\"><label for=\"forminator-field-name-1_69f14dcc8ae8d\" id=\"forminator-field-name-1_69f14dcc8ae8d-label\" class=\"forminator-label\">Nome <span class=\"forminator-required\">*<\/span><\/label><input type=\"text\" name=\"name-1\" value=\"\" placeholder=\"E.x. Martins\" id=\"forminator-field-name-1_69f14dcc8ae8d\" class=\"forminator-input forminator-name--field\" aria-required=\"true\" autocomplete=\"name\" \/><\/div><\/div><div id=\"phone-1\" class=\"forminator-field-phone forminator-col forminator-col-4 \"><div class=\"forminator-field\"><label for=\"forminator-field-phone-1_69f14dcc8ae8d\" id=\"forminator-field-phone-1_69f14dcc8ae8d-label\" class=\"forminator-label\">Celular <span class=\"forminator-required\">*<\/span><\/label><input type=\"text\" name=\"phone-1\" value=\"\" placeholder=\"Ex. 840000000\" id=\"forminator-field-phone-1_69f14dcc8ae8d\" class=\"forminator-input forminator-field--phone\" data-required=\"1\" aria-required=\"true\" autocomplete=\"off\" data-national_mode=\"enabled\" data-country=\"mz\" data-validation=\"standard\" \/><\/div><\/div><div id=\"currency-2\" class=\"forminator-field-currency forminator-col forminator-col-4 \"><div class=\"forminator-field\"><label for=\"forminator-field-currency-2_69f14dcc8ae8d\" id=\"forminator-field-currency-2_69f14dcc8ae8d-label\" class=\"forminator-label\">Rendimento Mensal <span class=\"forminator-required\">*<\/span><\/label><div class=\"forminator-input-with-suffix\"><input name=\"currency-2\" value=\"\" placeholder=\"0\" id=\"forminator-field-currency-2_69f14dcc8ae8d\" class=\"forminator-input forminator-currency\" data-required=\"1\" aria-required=\"1\" data-decimals=\"2\" data-inputmask=\"&#039;groupSeparator&#039;: &#039;&#039;, &#039;radixPoint&#039;: &#039;.&#039;, &#039;digits&#039;: &#039;2&#039;\" data-hidden-behavior=\"zero\" type=\"number\" step=\"any\" \/><span class=\"forminator-suffix\">MZN<\/span><\/div><\/div><\/div><\/div><div class=\"forminator-row\"><div id=\"currency-1\" class=\"forminator-field-currency forminator-col forminator-col-6 \"><div class=\"forminator-field\"><label for=\"forminator-field-currency-1_69f14dcc8ae8d\" id=\"forminator-field-currency-1_69f14dcc8ae8d-label\" class=\"forminator-label\">Valor do Empr\u00e9stimo <span class=\"forminator-required\">*<\/span><\/label><div class=\"forminator-input-with-suffix\"><input name=\"currency-1\" value=\"0\" placeholder=\"Ex. 40000\" id=\"forminator-field-currency-1_69f14dcc8ae8d\" class=\"forminator-input forminator-currency\" data-required=\"1\" aria-required=\"1\" data-decimals=\"0\" data-inputmask=\"&#039;groupSeparator&#039;: &#039;,&#039;, &#039;radixPoint&#039;: &#039;&#039;, &#039;digits&#039;: &#039;0&#039;\" data-hidden-behavior=\"zero\" \/><span class=\"forminator-suffix\">MZN<\/span><\/div><\/div><\/div><div id=\"select-1\" class=\"forminator-field-select forminator-col forminator-col-6 \"><div class=\"forminator-field\"><label for=\"forminator-form-11__field--select-1_69f14dcc8ae8d\" id=\"forminator-form-11__field--select-1_69f14dcc8ae8d-label\" class=\"forminator-label\">Dura\u00e7\u00e3o do Empr\u00e9stimo <span class=\"forminator-required\">*<\/span><\/label><select  id=\"forminator-form-11__field--select-1_69f14dcc8ae8d\" class=\"forminator-select--field forminator-select2 forminator-select2-multiple\" data-required=\"1\" name=\"select-1\" data-default-value=\"1\" data-hidden-behavior=\"zero\" data-placeholder=\"Dura\u00e7\u00e3o do Empr\u00e9stimo\" data-search=\"false\" data-search-placeholder=\"Dura\u00e7\u00e3o do Empr\u00e9stimo\" data-checkbox=\"false\" data-allow-clear=\"false\" aria-labelledby=\"forminator-form-11__field--select-1_69f14dcc8ae8d-label\"><option value=\"\"  >Dura\u00e7\u00e3o do Empr\u00e9stimo<\/option><option value=\"1\" selected=\"selected\" data-calculation=\"1\">1 M\u00eas<\/option><option value=\"2\"  data-calculation=\"2\">2 Meses<\/option><option value=\"3\"  data-calculation=\"3\">3 Meses<\/option><\/select><\/div><\/div><\/div><div class=\"forminator-row forminator-hidden\"><input type=\"hidden\" id=\"hidden-1_69f14dcc8ae8d\" name=\"hidden-1\" value=\"30\" \/><\/div><div class=\"forminator-row\"><div id=\"number-2\" class=\"forminator-field-number forminator-col forminator-col-12 \"><div class=\"forminator-field\"><label for=\"forminator-field-number-2_69f14dcc8ae8d\" id=\"forminator-field-number-2_69f14dcc8ae8d-label\" class=\"forminator-label\">Taxa de Juros (% ao m\u00eas)<\/label><input name=\"number-2\" value=\"30\" placeholder=\"Digite a taxa de juros\" id=\"forminator-field-number-2_69f14dcc8ae8d\" class=\"forminator-input forminator-number--field\" inputmode=\"decimal\" data-required=\"\" data-decimals=\"0\" aria-required=\"false\" data-inputmask=\"&#039;groupSeparator&#039;: &#039;&#039;, &#039;radixPoint&#039;: &#039;&#039;, &#039;digits&#039;: &#039;0&#039;\" data-hidden-behavior=\"zero\" type=\"number\" step=\"any\" min=\"1\" max=\"15000000000000000\" \/><\/div><\/div><\/div><div class=\"forminator-row\"><div id=\"calculation-1\" class=\"forminator-field-calculation forminator-col forminator-col-12  forminator-hidden\"><div class=\"forminator-field\"><label for=\"calculation-1-field_69f14dcc8ae8d\" id=\"calculation-1-field_69f14dcc8ae8d-label\" class=\"forminator-label\">Valor a pagar<\/label><input type=\"text\" name=\"calculation-1\" value=\"\" id=\"calculation-1-field_69f14dcc8ae8d\" class=\"forminator-calculation forminator-input\" data-formula=\"(({currency-1}* ( {number-2}\/100))\/(1-(1+ ( {number-2}\/100)) ^ (-{select-1})))*{select-1}\" data-required=\"\" data-decimal-point=\"\" data-precision=\"0\" data-is-hidden=\"\" disabled=\"disabled\" data-decimals=\"0\" data-inputmask=\"&#039;groupSeparator&#039;: &#039;,&#039;, &#039;radixPoint&#039;: &#039;&#039;, &#039;digits&#039;: &#039;0&#039;\" \/><\/div><\/div><\/div><div class=\"forminator-row\"><div id=\"calculation-2\" class=\"forminator-field-calculation forminator-col forminator-col-12  forminator-hidden\"><div class=\"forminator-field\"><label for=\"calculation-2-field_69f14dcc8ae8d\" id=\"calculation-2-field_69f14dcc8ae8d-label\" class=\"forminator-label\">Valor a pagar mensalmente<\/label><input type=\"text\" name=\"calculation-2\" value=\"\" id=\"calculation-2-field_69f14dcc8ae8d\" class=\"forminator-calculation forminator-input\" data-formula=\"({currency-1}* ( {number-2}\/100))\/(1-(1+ ( {number-2}\/100)) ^ (-{select-1}))\" data-required=\"\" data-decimal-point=\"\" data-precision=\"0\" data-is-hidden=\"\" disabled=\"disabled\" data-decimals=\"0\" data-inputmask=\"&#039;groupSeparator&#039;: &#039;,&#039;, &#039;radixPoint&#039;: &#039;&#039;, &#039;digits&#039;: &#039;0&#039;\" \/><\/div><\/div><\/div><input type=\"hidden\" name=\"referer_url\" value=\"\" \/><div class=\"forminator-row forminator-row-last\"><div class=\"forminator-col\"><div class=\"forminator-field\"><button class=\"forminator-button forminator-button-submit\">Simular<\/button><\/div><\/div><\/div><input type=\"hidden\" id=\"forminator_nonce\" name=\"forminator_nonce\" value=\"37e758504d\" \/><input type=\"hidden\" name=\"_wp_http_referer\" value=\"\/index.php?rest_route=%2Fwp%2Fv2%2Fpages%2F12\" \/><input type=\"hidden\" name=\"form_id\" value=\"11\"><input type=\"hidden\" name=\"page_id\" value=\"12\"><input type=\"hidden\" name=\"form_type\" value=\"default\"><input type=\"hidden\" name=\"current_url\" value=\"https:\/\/mj.co.mz\/?page_id=12\"><input type=\"hidden\" name=\"render_id\" value=\"0\"><input type=\"hidden\" name=\"action\" value=\"forminator_submit_form_custom-forms\"><\/form><\/div>\n<\/div>\n","protected":false},"excerpt":{"rendered":"","protected":false},"author":1,"featured_media":0,"parent":0,"menu_order":0,"comment_status":"closed","ping_status":"closed","template":"","meta":{"footnotes":""},"class_list":["post-12","page","type-page","status-publish","hentry"],"_links":{"self":[{"href":"https:\/\/mj.co.mz\/index.php?rest_route=\/wp\/v2\/pages\/12","targetHints":{"allow":["GET"]}}],"collection":[{"href":"https:\/\/mj.co.mz\/index.php?rest_route=\/wp\/v2\/pages"}],"about":[{"href":"https:\/\/mj.co.mz\/index.php?rest_route=\/wp\/v2\/types\/page"}],"author":[{"embeddable":true,"href":"https:\/\/mj.co.mz\/index.php?rest_route=\/wp\/v2\/users\/1"}],"replies":[{"embeddable":true,"href":"https:\/\/mj.co.mz\/index.php?rest_route=%2Fwp%2Fv2%2Fcomments&post=12"}],"version-history":[{"count":5,"href":"https:\/\/mj.co.mz\/index.php?rest_route=\/wp\/v2\/pages\/12\/revisions"}],"predecessor-version":[{"id":220,"href":"https:\/\/mj.co.mz\/index.php?rest_route=\/wp\/v2\/pages\/12\/revisions\/220"}],"wp:attachment":[{"href":"https:\/\/mj.co.mz\/index.php?rest_route=%2Fwp%2Fv2%2Fmedia&parent=12"}],"curies":[{"name":"wp","href":"https:\/\/api.w.org\/{rel}","templated":true}]}}